48.
41
Calculate the remainder when 956 is divided by 190.
6
Calculate the remainder when 7664 is divided by 213.
209
What is the remainder when 9939 is divided by 163?
159
Calculate the remainder when 100 is divided by 30.
10
Calculate the remainder when 11875 is divided by 7.
3
Calculate the remainder when 140 is divided by 16.
12
Calculate the remainder when 777 is divided by 41.
39
Calculate the remainder when 513 is divided by 69.
30
What is the remainder when 15766 is divided by 108?
106
What is the remainder when 217 is divided by 73?
71
What is the remainder when 120 is divided by 82?
38
What is the remainder when 333 is divided by 17?
10
Calculate the remainder when 608 is divided by 77.
69
What is the remainder when 192 is divided by 42?
24
Calculate the remainder when 2804 is divided by 13.
9
Calculate the remainder when 304 is divided by 21.
10
What is the remainder when 489 is divided by 143?
60
Calculate the remainder when 1478 is divided by 78.
74
What is the remainder when 278 is divided by 8?
6
Calculate the remainder when 63 is divided by 34.
29
Calculate the remainder when 31 is divided by 27.
4
What is the remainder when 719 is divided by 60?
59
What is the remainder when 89 is divided by 79?
10
Calculate the remainder when 3081 is divided by 118.
13
Calculate the remainder when 735 is divided by 23.
22
Calculate the remainder when 1471 is divided by 185.
176
Calculate the remainder when 471 is divided by 31.
6
What is the remainder when 86 is divided by 4?
2
Calculate the remainder when 223 is divided by 25.
23
Calculate the remainder when 112 is divided by 57.
55
Calculate the remainder when 6014 is divided by 34.
30
Calculate the remainder when 103 is divided by 36.
31
Calculate the remainder when 1197 is divided by 47.
22
Calculate the remainder when 213 is divided by 25.
13
Calculate the remainder when 35 is divided by 13.
9
What is the remainder when 1356 is divided by 17?
13
What is the remainder when 857 is divided by 66?
65
Calculate the remainder when 157 is divided by 149.
8
Calculate the remainder when 4589 is divided by 102.
101
Calculate the remainder when 6675 is divided by 126.
123
What is the remainder when 481 is divided by 81?
76
Calculate the remainder when 297 is divided by 125.
47
What is the remainder when 783 is divided by 86?
9
Calculate the remainder when 179 is divided by 117.
62
Calculate the remainder when 337 is divided by 113.
111
Calculate the remainder when 51 is divided by 14.
9
What is the remainder when 4024 is divided by 2009?
6
What is the remainder when 23 is divided by 5?
3
What is the remainder when 4260 is divided by 49?
46
Calculate the remainder when 56 is divided by 22.
12
Calculate the remainder when 1554 is divided by 65.
59
What is the remainder when 123 is divided by 17?
4
What is the remainder when 807 is divided by 257?
36
What is the remainder when 912 is divided by 363?
186
Calculate the remainder when 667 is divided by 96.
91
What is the remainder when 26 is divided by 17?
9
Calculate the remainder when 60 is divided by 51.
9
Calculate the remainder when 2205 is divided by 18.
9
Calculate the remainder when 1080 is divided by 156.
144
Calculate the remainder when 72 is divided by 9.
0
Calculate the remainder when 37 is divided by 11.
4
Calculate the remainder when 186 is divided by 49.
39
What is the remainder when 681 is divided by 69?
60
Calculate the remainder when 101 is divided by 27.
20
Calculate the remainder when 431 is divided by 8.
7
Calculate the remainder when 57 is divided by 20.
17
What is the remainder when 9105 is divided by 207?
204
Calculate the remainder when 4798 is divided by 160.
158
What is the remainder when 64 is divided by 24?
16
Calculate the remainder when 5642 is divided by 50.
42
What is the remainder when 51 is divided by 27?
24
What is the remainder when 132 is divided by 73?
59
Calculate the remainder when 1794 is divided by 165.
144
Calculate the remainder when 286 is divided by 25.
11
Calculate the remainder when 15 is divided by 6.
3
Calculate the remainder when 484 is divided by 173.
138
Calculate the remainder when 596 is divided by 19.
7
Calculate the remainder when 425 is divided by 143.
139
Calculate the remainder when 204 is divided by 23.
20
What is the remainder when 822 is divided by 11?
8
Calculate the remainder when 49 is divided by 9.
4
Calculate the remainder when 606 is divided by 7.
4
Calculate the remainder when 9934 is divided by 207.
205
What is the remainder when 426 is divided by 26?
10
What is the remainder when 17133 is divided by 149?
147
What is the remainder when 248 is divided by 48?
8
What is the remainder when 3732 is divided by 83?
80
Calculate the remainder when 1424 is divided by 14.
10
Calculate the remainder when 128 is divided by 15.
8
Calculate the remainder when 86 is divided by 15.
11
What is the remainder when 1277 is divided by 622?
33
Calculate the remainder when 62 is divided by 19.
5
What is the remainder when 155 is divided by 56?
43
What is the remainder when 81 is divided by 33?
15
Calculate the remainder when 1193 is divided by 30.
23
Calculate the remainder when 236 is divided by 40.
36
Calculate the remainder when 30 is divided by 26.
4
What is the remainder when 838 is divided by 59?
12
Calculate the remainder when 108 is divided by 58.
50
What is the remainder when 13 is divided by 5?
3
What is the remainder when 635 is divided by 80?
75
Calculate the remainder when 45 is divided by 21.
3
Calculate the remainder when 335 is divided by 28.
27
Calculate the remainder when 259 is divided by 26.
25
Calculate the remainder when 3117 is divided by 260.
257
What is the remainder when 8125 is divided by 17?
16
What is the remainder when 4047 is divided by 253?
252
Calculate the remainder when 398 is divided by 40.
38
Calculate the remainder when 4061 is divided by 15.
11
Calculate the remainder when 56 is divided by 50.
6
What is the remainder when 1704 is divided by 851?
2
Calculate the remainder when 490 is divided by 12.
10
Calculate the remainder when 1032 is divided by 115.
112
What is the remainder when 72 is divided by 14?
2
What is the remainder when 6362 is divided by 19?
16
What is the remainder when 153 is divided by 44?
21
What is the remainder when 1401 is divided by 78?
75
What is the remainder when 564 is divided by 70?
4
What is the remainder when 22 is divided by 18?
4
Calculate the remainder when 1043 is divided by 58.
57
Calculate the remainder when 5394 is divided by 142.
140
Calculate the remainder when 1477 is divided by 489.
10
Calculate the remainder when 101 is divided by 4.
1
Calculate the remainder when 811 is divided by 269.
4
Calculate the remainder when 90 is divided by 41.
8
Calculate the remainder when 704 is divided by 18.
2
What is the remainder when 703 is divided by 15?
13
What is the remainder when 34 is divided by 26?
8
What is the remainder when 212 is divided by 8?
4
What is the remainder when 583 is divided by 149?
136
What is the remainder when 8097 is divided by 27?
24
Calculate the remainder when 242 is divided by 84.
74
Calculate the remainder when 768 is divided by 6.
0
Calculate the remainder when 466 is divided by 137.
55
Calculate the remainder when 799 is divided by 134.
129
What is the remainder when 120 is divided by 61?
59
What is the remainder when 1028 is divided by 170?
8
Calculate the remainder when 457 is divided by 46.
43
What is the remainder when 34 is divided by 4?
2
What is the remainder when 215 is divided by 34?
11
Calculate the remainder when 775 is divided by 105.
40
What is the remainder when 634 is divided by 91?
88
What is the remainder when 123 is divided by 28?
11
What is the remainder when 2118 is divided by 235?
3
Calculate the remainder when 388 is divided by 39.
37
What is the remainder when 1100 is divided by 54?
20
Calculate the remainder when 275 is divided by 30.
5
What is the remainder when 296 is divided by 50?
46
What is the remainder when 30765 is divided by 8?
5
Calculate the remainder when 155 is divided by 69.
17
What is the remainder when 428 is divided by 424?
4
What is the remainder when 83 is divided by 43?
40
What is the remainder when 321 is divided by 41?
34
What is the remainder when 127 is divid